{"id":6,"date":"2011-01-23T21:09:53","date_gmt":"2011-01-23T21:09:53","guid":{"rendered":"http:\/\/www.korneliafroehlich.ch\/?page_id=6"},"modified":"2019-12-21T15:41:53","modified_gmt":"2019-12-21T15:41:53","slug":"biografie","status":"publish","type":"page","link":"http:\/\/www.korneliafroehlich.ch\/?page_id=6","title":{"rendered":"Biografie"},"content":{"rendered":"<p>Kornelia Fr\u00f6hlich-Grassmann wurde am 8. August 1941 in Frankfurt am Main geboren. 1950 zog sie mit ihrer Familie nach Z\u00fcrich, wo sie 1963 den Abschluss in der Metallklasse der Kunstgewerbeschule machte. Sie arbeitete danach als Goldschmiedin und Schmuckdesignerin.<\/p>\n<p>Als ihre drei S\u00f6hne gross genug waren, machte sie die eidgen\u00f6ssische Matura und studierte anschliessend an der Universit\u00e4t Z\u00fcrich Theologie und am C.G.Jung-Institut Z\u00fcrich Analytische Psychologie. Ab 1984 arbeitete sie als Psychotherapeutin in eigener Praxis in Davos.<\/p>\n<p>Neben ihrer Arbeit als Psychotherapeutin war f\u00fcr sie auch die k\u00fcnstlerische Arbeit immer wichtig. Ca. 1990 begann sie intensiv zu malen.<\/p>\n<p>Es folgten mehrere Ausstellungen und die Verleihung internationaler Kunstpreise.<\/p>\n<p><a href=\"http:\/\/www.korneliafroehlich.ch\/wp-content\/uploads\/2011\/01\/DSCN1336kl1.jpg\"><br \/>\n<\/a><a href=\"http:\/\/www.korneliafroehlich.ch\/wp-content\/uploads\/2011\/01\/DSCN1336kl2.jpg\"><img loading=\"lazy\" class=\"alignleft size-medium wp-image-70\" title=\"DSCN1336kl\" src=\"http:\/\/www.korneliafroehlich.ch\/wp-content\/uploads\/2011\/01\/DSCN1336kl2-300x280.jpg\" alt=\"\" width=\"300\" height=\"280\" srcset=\"http:\/\/www.korneliafroehlich.ch\/wp-content\/uploads\/2011\/01\/DSCN1336kl2-300x280.jpg 300w, http:\/\/www.korneliafroehlich.ch\/wp-content\/uploads\/2011\/01\/DSCN1336kl2.jpg 500w\" sizes=\"(max-width: 300px) 100vw, 300px\" \/><\/a>Zu ihren Bildern sagte Kornelia Fr\u00f6hlich-Grassmann: &#8222;Vordergr\u00fcndig sind die meisten meiner Bilder Landschaftsbilder. Sie zeigen Stimmungen, das innere Erleben in der Natur, ein Empfinden im Augenblick. Der Wechsel von Licht und Schatten ber\u00fchrt mich immer neu, Licht vor oder hinter dem Dunkel. Ich male viel in der Natur, auf allen unseren Reisen, die uns oft in den Norden mit seinem besonderen Licht f\u00fchren. Das Malen l\u00e4sst mich den Geist der Natur erleben, im genauen Hinsehen erfahre ich Dinge, die mir sonst entgangen w\u00e4ren. So ist jedes Bild eine Geschichte, die der Betrachter auf seine Weise und immer wieder neu erleben und deuten kann.&#8220;<\/p>\n<p>Am 2. April 2015 ist Kornelia Fr\u00f6hlich-Grassmann nach l\u00e4ngerer Krankheit zu Hause in Davos Wolfgang verstorben.<\/p>\n","protected":false},"excerpt":{"rendered":"<p>Kornelia Fr\u00f6hlich-Grassmann wurde am 8. August 1941 in Frankfurt am Main geboren. 1950 zog sie mit ihrer Familie nach Z\u00fcrich, wo sie 1963 den Abschluss in der Metallklasse der Kunstgewerbeschule machte. Sie arbeitete danach als Goldschmiedin und Schmuckdesignerin. Als ihre drei S\u00f6hne gross genug waren, machte sie die eidgen\u00f6ssische Matura und studierte anschliessend an der [&hellip;]<\/p>\n","protected":false},"author":6,"featured_media":0,"parent":0,"menu_order":0,"comment_status":"open","ping_status":"open","template":"","meta":{"ngg_post_thumbnail":0},"_links":{"self":[{"href":"http:\/\/www.korneliafroehlich.ch\/index.php?rest_route=\/wp\/v2\/pages\/6"}],"collection":[{"href":"http:\/\/www.korneliafroehlich.ch\/index.php?rest_route=\/wp\/v2\/pages"}],"about":[{"href":"http:\/\/www.korneliafroehlich.ch\/index.php?rest_route=\/wp\/v2\/types\/page"}],"author":[{"embeddable":true,"href":"http:\/\/www.korneliafroehlich.ch\/index.php?rest_route=\/wp\/v2\/users\/6"}],"replies":[{"embeddable":true,"href":"http:\/\/www.korneliafroehlich.ch\/index.php?rest_route=%2Fwp%2Fv2%2Fcomments&post=6"}],"version-history":[{"count":26,"href":"http:\/\/www.korneliafroehlich.ch\/index.php?rest_route=\/wp\/v2\/pages\/6\/revisions"}],"predecessor-version":[{"id":249,"href":"http:\/\/www.korneliafroehlich.ch\/index.php?rest_route=\/wp\/v2\/pages\/6\/revisions\/249"}],"wp:attachment":[{"href":"http:\/\/www.korneliafroehlich.ch\/index.php?rest_route=%2Fwp%2Fv2%2Fmedia&parent=6"}],"curies":[{"name":"wp","href":"https:\/\/api.w.org\/{rel}","templated":true}]}}

<p>Kornelia Fröhlich-Grassmann wurde am 8. August 1941 in Frankfurt am Main geboren. 1950 zog sie mit ihrer Familie nach Zürich, wo sie 1963 den Abschluss in der Metallklasse der Kunstgewerbeschule machte. Sie arbeitete danach als Goldschmiedin und Schmuckdesignerin.</p>
<p>Als ihre drei Söhne gross genug waren, machte sie die eidgenössische Matura und studierte anschliessend an der Universität Zürich Theologie und am C.G.Jung-Institut Zürich Analytische Psychologie. Ab 1984 arbeitete sie als Psychotherapeutin in eigener Praxis in Davos.</p>
<p>Neben ihrer Arbeit als Psychotherapeutin war für sie auch die künstlerische Arbeit immer wichtig. Ca. 1990 begann sie intensiv zu malen.</p>
<p>Es folgten mehrere Ausstellungen und die Verleihung internationaler Kunstpreise.</p>
<p><a href="http://www.korneliafroehlich.ch/wp-content/uploads/2011/01/DSCN1336kl1.jpg"><br />
</a><a href="http://www.korneliafroehlich.ch/wp-content/uploads/2011/01/DSCN1336kl2.jpg"><img loading="lazy" class="alignleft size-medium wp-image-70" title="DSCN1336kl" src="http://www.korneliafroehlich.ch/wp-content/uploads/2011/01/DSCN1336kl2-300x280.jpg" alt="" width="300" height="280" srcset="http://www.korneliafroehlich.ch/wp-content/uploads/2011/01/DSCN1336kl2-300x280.jpg 300w, http://www.korneliafroehlich.ch/wp-content/uploads/2011/01/DSCN1336kl2.jpg 500w" sizes="(max-width: 300px) 100vw, 300px" /></a>Zu ihren Bildern sagte Kornelia Fröhlich-Grassmann: &#8222;Vordergründig sind die meisten meiner Bilder Landschaftsbilder. Sie zeigen Stimmungen, das innere Erleben in der Natur, ein Empfinden im Augenblick. Der Wechsel von Licht und Schatten berührt mich immer neu, Licht vor oder hinter dem Dunkel. Ich male viel in der Natur, auf allen unseren Reisen, die uns oft in den Norden mit seinem besonderen Licht führen. Das Malen lässt mich den Geist der Natur erleben, im genauen Hinsehen erfahre ich Dinge, die mir sonst entgangen wären. So ist jedes Bild eine Geschichte, die der Betrachter auf seine Weise und immer wieder neu erleben und deuten kann.&#8220;</p>
<p>Am 2. April 2015 ist Kornelia Fröhlich-Grassmann nach längerer Krankheit zu Hause in Davos Wolfgang verstorben.</p>

<p>Kornelia Fröhlich-Grassmann wurde am 8. August 1941 in Frankfurt am Main geboren. 1950 zog sie mit ihrer Familie nach Zürich, wo sie 1963 den Abschluss in der Metallklasse der Kunstgewerbeschule machte. Sie arbeitete danach als Goldschmiedin und Schmuckdesignerin. Als ihre drei Söhne gross genug waren, machte sie die eidgenössische Matura und studierte anschliessend an der [&hellip;]</p>
